{"id":144,"date":"2017-01-20T11:47:56","date_gmt":"2017-01-20T17:47:56","guid":{"rendered":"http:\/\/wp.ts.com.mx\/?page_id=144"},"modified":"2018-11-15T11:04:53","modified_gmt":"2018-11-15T17:04:53","slug":"mision-y-vison","status":"publish","type":"page","link":"https:\/\/www.ts.com.mx\/?page_id=144","title":{"rendered":"Misi\u00f3n y Visi\u00f3n"},"content":{"rendered":"<p>MISI\u00d3N:\u00a0 Crear, siempre apoyados en nuestra experiencia responsable, el ambiente y los espacios efectivos que estimulen la promoci\u00f3n y generaci\u00f3n de negocios en el mundo.<\/p>\n<p>&nbsp;<\/p>\n<p>VISI\u00d3N:\u00a0 Ofrecer una empresa s\u00f3lida y capaz de satisfacer todas las necesidades de nuestros clientes.<\/p>\n","protected":false},"excerpt":{"rendered":"<p>MISI\u00d3N:\u00a0 Crear, siempre apoyados en nuestra experiencia responsable, el ambiente y los espacios efectivos que estimulen la promoci\u00f3n y generaci\u00f3n de negocios en el mundo. &nbsp; VISI\u00d3N:\u00a0 Ofrecer una empresa s\u00f3lida y capaz de satisfacer todas las necesidades de nuestros clientes.<\/p>\n","protected":false},"author":1,"featured_media":509,"parent":0,"menu_order":0,"comment_status":"closed","ping_status":"closed","template":"","meta":{"footnotes":""},"class_list":["post-144","page","type-page","status-publish","has-post-thumbnail","hentry"],"_links":{"self":[{"href":"https:\/\/www.ts.com.mx\/index.php?rest_route=\/wp\/v2\/pages\/144"}],"collection":[{"href":"https:\/\/www.ts.com.mx\/index.php?rest_route=\/wp\/v2\/pages"}],"about":[{"href":"https:\/\/www.ts.com.mx\/index.php?rest_route=\/wp\/v2\/types\/page"}],"author":[{"embeddable":true,"href":"https:\/\/www.ts.com.mx\/index.php?rest_route=\/wp\/v2\/users\/1"}],"replies":[{"embeddable":true,"href":"https:\/\/www.ts.com.mx\/index.php?rest_route=%2Fwp%2Fv2%2Fcomments&post=144"}],"version-history":[{"count":12,"href":"https:\/\/www.ts.com.mx\/index.php?rest_route=\/wp\/v2\/pages\/144\/revisions"}],"predecessor-version":[{"id":518,"href":"https:\/\/www.ts.com.mx\/index.php?rest_route=\/wp\/v2\/pages\/144\/revisions\/518"}],"wp:featuredmedia":[{"embeddable":true,"href":"https:\/\/www.ts.com.mx\/index.php?rest_route=\/wp\/v2\/media\/509"}],"wp:attachment":[{"href":"https:\/\/www.ts.com.mx\/index.php?rest_route=%2Fwp%2Fv2%2Fmedia&parent=144"}],"curies":[{"name":"wp","href":"https:\/\/api.w.org\/{rel}","templated":true}]}}