{"id":189,"date":"2017-01-23T16:27:08","date_gmt":"2017-01-23T22:27:08","guid":{"rendered":"http:\/\/wp.ts.com.mx\/?page_id=189"},"modified":"2022-09-07T12:25:07","modified_gmt":"2022-09-07T18:25:07","slug":"inicio-2","status":"publish","type":"page","link":"https:\/\/www.ts.com.mx\/?page_id=189","title":{"rendered":"Inicio"},"content":{"rendered":"<p>Apoyados de nuestra amplia experiencia, <strong>Wow Studio<\/strong>\u00a0le ofrece la m\u00e1s alta tecnolog\u00eda y calidad en propuestas creativas acordes con sus necesidades, que estamos seguros les proporcionar\u00e1 resultados de alto valor agregado.<br \/>\nOfrecemos los siguientes<strong> servicios<\/strong> para la difusi\u00f3n de su producto:<\/p>\n<ul>\n<li>Dise\u00f1o, fabricaci\u00f3n y montaje de escenarios, estrados, podiums.<\/li>\n<li>Dise\u00f1o, fabricaci\u00f3n y montaje de displays especiales en custom y sistema.<\/li>\n<li>L\u00edneas completas de displays port\u00e1tiles.<\/li>\n<li>Lanzamientos de productos.<\/li>\n<li>Creaci\u00f3n y elaboraci\u00f3n de artes y gr\u00e1ficos.<\/li>\n<li>Procesos fotogr\u00e1ficos y montaje.<\/li>\n<li>Renta de stands y mobiliario.<\/li>\n<li>Renta de equipos de video y audio.<\/li>\n<li><strong>Adem\u00e1s de una Nueva L\u00ednea Anti-viral\u00a0 que incluye\u00a0servicios de sanitizaci\u00f3n, productos desinfectantes, equipos, mamparas, cortinas, cabinas, totems, despachadores y m\u00e1s, con dise\u00f1os creativos y seguros para cualquier tipo de negocio.<\/strong><\/li>\n<\/ul>\n<p><strong>Conoce toda nuestra gama en\u00a0<span style=\"color: #008bad;\"><a style=\"color: #008bad;\" href=\"http:\/\/www.wowstudio.mx\/index.php\" target=\"_blank\" rel=\"noopener noreferrer\">wowstudio.mx<\/a><\/span><\/strong><\/p>\n","protected":false},"excerpt":{"rendered":"<p>Apoyados de nuestra amplia experiencia, Wow Studio\u00a0le ofrece la m\u00e1s alta tecnolog\u00eda y calidad en propuestas creativas acordes con sus necesidades, que estamos seguros les proporcionar\u00e1 resultados de alto valor agregado. Ofrecemos los siguientes servicios para la difusi\u00f3n de su producto: Dise\u00f1o, fabricaci\u00f3n y montaje de escenarios, estrados, podiums. Dise\u00f1o, fabricaci\u00f3n y montaje de displays &hellip; <\/p>\n<p class=\"link-more\"><a href=\"https:\/\/www.ts.com.mx\/?page_id=189\" class=\"more-link\">Continuar leyendo<span class=\"screen-reader-text\"> &#8220;Inicio&#8221;<\/span><\/a><\/p>\n","protected":false},"author":1,"featured_media":1236,"parent":0,"menu_order":0,"comment_status":"closed","ping_status":"closed","template":"","meta":{"footnotes":""},"class_list":["post-189","page","type-page","status-publish","has-post-thumbnail","hentry"],"_links":{"self":[{"href":"https:\/\/www.ts.com.mx\/index.php?rest_route=\/wp\/v2\/pages\/189"}],"collection":[{"href":"https:\/\/www.ts.com.mx\/index.php?rest_route=\/wp\/v2\/pages"}],"about":[{"href":"https:\/\/www.ts.com.mx\/index.php?rest_route=\/wp\/v2\/types\/page"}],"author":[{"embeddable":true,"href":"https:\/\/www.ts.com.mx\/index.php?rest_route=\/wp\/v2\/users\/1"}],"replies":[{"embeddable":true,"href":"https:\/\/www.ts.com.mx\/index.php?rest_route=%2Fwp%2Fv2%2Fcomments&post=189"}],"version-history":[{"count":16,"href":"https:\/\/www.ts.com.mx\/index.php?rest_route=\/wp\/v2\/pages\/189\/revisions"}],"predecessor-version":[{"id":1161,"href":"https:\/\/www.ts.com.mx\/index.php?rest_route=\/wp\/v2\/pages\/189\/revisions\/1161"}],"wp:featuredmedia":[{"embeddable":true,"href":"https:\/\/www.ts.com.mx\/index.php?rest_route=\/wp\/v2\/media\/1236"}],"wp:attachment":[{"href":"https:\/\/www.ts.com.mx\/index.php?rest_route=%2Fwp%2Fv2%2Fmedia&parent=189"}],"curies":[{"name":"wp","href":"https:\/\/api.w.org\/{rel}","templated":true}]}}