{"id":192,"date":"2017-01-23T16:28:56","date_gmt":"2017-01-23T22:28:56","guid":{"rendered":"http:\/\/wp.ts.com.mx\/?page_id=192"},"modified":"2022-09-07T14:48:31","modified_gmt":"2022-09-07T20:48:31","slug":"quienes-somos","status":"publish","type":"page","link":"https:\/\/www.ts.com.mx\/?page_id=192","title":{"rendered":"Qui\u00e9nes-Somos"},"content":{"rendered":"<p><strong>Wow Studio<\/strong> es una empresa perteneciente a <strong>Grupo Trade Show<\/strong>, cuya experiencia de m\u00e1s de <strong>40 a\u00f1os<\/strong> en el mercado, la ha posicionado como una empresa de excelencia en su servicio que satisface las necesidades de presencia visual en exposiciones para sus clientes.<\/p>\n<p><strong>Wow Studio<\/strong> surgi\u00f3 como una respuesta de comunicaci\u00f3n visual integral para nuestros clientes y es hasta la fecha, una empresa objetiva que provee a sus clientes una s\u00f3lida Imagen Corporativa de posicionamiento estrat\u00e9gico para sus productos y servicios.<\/p>\n<p>\u201cHemos podido constatar su calidad y profesionalismo a lo largo de diecinueve a\u00f1os en los que han mantenido gran respuesta a nuestros requerimientos\u201d.<\/p>\n<p>Julio Maldonado<br \/>\nDirector Oficina Agrocomercial<br \/>\nEmbajada de los Estados Unidos<br \/>\n<strong>&#8220;Tenemos la visi\u00f3n para crear grandes negocios con tu imagen&#8221;.<\/strong><\/p>\n","protected":false},"excerpt":{"rendered":"<p>Wow Studio es una empresa perteneciente a Grupo Trade Show, cuya experiencia de m\u00e1s de 40 a\u00f1os en el mercado, la ha posicionado como una empresa de excelencia en su servicio que satisface las necesidades de presencia visual en exposiciones para sus clientes. Wow Studio surgi\u00f3 como una respuesta de comunicaci\u00f3n visual integral para nuestros &hellip; <\/p>\n<p class=\"link-more\"><a href=\"https:\/\/www.ts.com.mx\/?page_id=192\" class=\"more-link\">Continuar leyendo<span class=\"screen-reader-text\"> &#8220;Qui\u00e9nes-Somos&#8221;<\/span><\/a><\/p>\n","protected":false},"author":1,"featured_media":1237,"parent":0,"menu_order":0,"comment_status":"closed","ping_status":"closed","template":"","meta":{"footnotes":""},"class_list":["post-192","page","type-page","status-publish","has-post-thumbnail","hentry"],"_links":{"self":[{"href":"https:\/\/www.ts.com.mx\/index.php?rest_route=\/wp\/v2\/pages\/192"}],"collection":[{"href":"https:\/\/www.ts.com.mx\/index.php?rest_route=\/wp\/v2\/pages"}],"about":[{"href":"https:\/\/www.ts.com.mx\/index.php?rest_route=\/wp\/v2\/types\/page"}],"author":[{"embeddable":true,"href":"https:\/\/www.ts.com.mx\/index.php?rest_route=\/wp\/v2\/users\/1"}],"replies":[{"embeddable":true,"href":"https:\/\/www.ts.com.mx\/index.php?rest_route=%2Fwp%2Fv2%2Fcomments&post=192"}],"version-history":[{"count":12,"href":"https:\/\/www.ts.com.mx\/index.php?rest_route=\/wp\/v2\/pages\/192\/revisions"}],"predecessor-version":[{"id":953,"href":"https:\/\/www.ts.com.mx\/index.php?rest_route=\/wp\/v2\/pages\/192\/revisions\/953"}],"wp:featuredmedia":[{"embeddable":true,"href":"https:\/\/www.ts.com.mx\/index.php?rest_route=\/wp\/v2\/media\/1237"}],"wp:attachment":[{"href":"https:\/\/www.ts.com.mx\/index.php?rest_route=%2Fwp%2Fv2%2Fmedia&parent=192"}],"curies":[{"name":"wp","href":"https:\/\/api.w.org\/{rel}","templated":true}]}}