{"id":207,"date":"2017-01-23T16:40:36","date_gmt":"2017-01-23T22:40:36","guid":{"rendered":"http:\/\/wp.ts.com.mx\/?page_id=207"},"modified":"2017-01-27T17:54:15","modified_gmt":"2017-01-27T23:54:15","slug":"portatil","status":"publish","type":"page","link":"https:\/\/www.ts.com.mx\/?page_id=207","title":{"rendered":"H\u00edbrido"},"content":{"rendered":"<p><strong>Concepto gen\u00e9rico de todo lo que es conocido como un display funcional con la virtud de instalarlo uno mismo.<\/strong> Contamos con una extensa variedad de productos que, solos o combinados contribuir\u00e1n enormemente a que su marca viva constantemente en diferentes puntos y que adem\u00e1s usted porte con \u00e9l. Vea nuestros cat\u00e1logos.<\/p>\n","protected":false},"excerpt":{"rendered":"<p>Concepto gen\u00e9rico de todo lo que es conocido como un display funcional con la virtud de instalarlo uno mismo. Contamos con una extensa variedad de productos que, solos o combinados contribuir\u00e1n enormemente a que su marca viva constantemente en diferentes puntos y que adem\u00e1s usted porte con \u00e9l. Vea nuestros cat\u00e1logos.<\/p>\n","protected":false},"author":1,"featured_media":354,"parent":0,"menu_order":0,"comment_status":"closed","ping_status":"closed","template":"","meta":{"footnotes":""},"class_list":["post-207","page","type-page","status-publish","has-post-thumbnail","hentry"],"_links":{"self":[{"href":"https:\/\/www.ts.com.mx\/index.php?rest_route=\/wp\/v2\/pages\/207"}],"collection":[{"href":"https:\/\/www.ts.com.mx\/index.php?rest_route=\/wp\/v2\/pages"}],"about":[{"href":"https:\/\/www.ts.com.mx\/index.php?rest_route=\/wp\/v2\/types\/page"}],"author":[{"embeddable":true,"href":"https:\/\/www.ts.com.mx\/index.php?rest_route=\/wp\/v2\/users\/1"}],"replies":[{"embeddable":true,"href":"https:\/\/www.ts.com.mx\/index.php?rest_route=%2Fwp%2Fv2%2Fcomments&post=207"}],"version-history":[{"count":4,"href":"https:\/\/www.ts.com.mx\/index.php?rest_route=\/wp\/v2\/pages\/207\/revisions"}],"predecessor-version":[{"id":353,"href":"https:\/\/www.ts.com.mx\/index.php?rest_route=\/wp\/v2\/pages\/207\/revisions\/353"}],"wp:featuredmedia":[{"embeddable":true,"href":"https:\/\/www.ts.com.mx\/index.php?rest_route=\/wp\/v2\/media\/354"}],"wp:attachment":[{"href":"https:\/\/www.ts.com.mx\/index.php?rest_route=%2Fwp%2Fv2%2Fmedia&parent=207"}],"curies":[{"name":"wp","href":"https:\/\/api.w.org\/{rel}","templated":true}]}}